 11
What are the prime factors of 44819?
44819
What are the prime factors of 11190?
2, 3, 5, 373
What are the prime factors of 1527?
3, 509
List the prime factors of 242.
2, 11
What are the prime factors of 296?
2, 37
What are the prime factors of 368?
2, 23
What are the prime factors of 500?
2, 5
List the prime factors of 49013.
23, 2131
What are the prime factors of 9956?
2, 19, 131
What are the prime factors of 14284?
2, 3571
List the prime factors of 5735.
5, 31, 37
What are the prime factors of 5886?
2, 3, 109
List the prime factors of 79527.
3, 7, 541
What are the prime factors of 2173?
41, 53
List the prime factors of 7697.
43, 179
List the prime factors of 26025.
3, 5, 347
List the prime factors of 377.
13, 29
What are the prime factors of 76661?
13, 5897
What are the prime factors of 67753?
7, 9679
What are the prime factors of 56989?
56989
List the prime factors of 64131.
3, 21377
What are the prime factors of 6091?
6091
What are the prime factors of 40134?
2, 3, 6689
List the prime factors of 790.
2, 5, 79
List the prime factors of 674.
2, 337
List the prime factors of 7573.
7573
What are the prime factors of 3807?
3, 47
What are the prime factors of 850?
2, 5, 17
What are the prime factors of 8035?
5, 1607
What are the prime factors of 948?
2, 3, 79
What are the prime factors of 1629?
3, 181
List the prime factors of 4528.
2, 283
List the prime factors of 6199.
6199
List the prime factors of 2183.
37, 59
List the prime factors of 3009.
3, 17, 59
List the prime factors of 36719.
73, 503
What are the prime factors of 13790?
2, 5, 7, 197
What are the prime factors of 304?
2, 19
What are the prime factors of 1110?
2, 3, 5, 37
What are the prime factors of 15851?
11, 131
List the prime factors of 12185.
5, 2437
List the prime factors of 6572.
2, 31, 53
What are the prime factors of 8522?
2, 4261
List the prime factors of 354.
2, 3, 59
List the prime factors of 27655.
5, 5531
What are the prime factors of 387?
3, 43
List the prime factors of 67405.
5, 13, 17, 61
List the prime factors of 31281.
3, 10427
What are the prime factors of 6735?
3, 5, 449
What are the prime factors of 46453?
11, 41, 103
What are the prime factors of 12820?
2, 5, 641
List the prime factors of 13255.
5, 11, 241
List the prime factors of 2656.
2, 83
What are the prime factors of 16859?
23, 733
List the prime factors of 14198.
2, 31, 229
What are the prime factors of 15958?
2, 79, 101
What are the prime factors of 1669?
1669
What are the prime factors of 48185?
5, 23, 419
What are the prime factors of 1273?
19, 67
What are the prime factors of 879?
3, 293
List the prime factors of 54744.
2, 3, 2281
List the prime factors of 47835.
3, 5, 1063
What are the prime factors of 354?
2, 3, 59
List the prime factors of 2475.
3, 5, 11
What are the prime factors of 1665?
3, 5, 37
What are the prime factors of 4169?
11, 379
What are the prime factors of 8448?
2, 3, 11
List the prime factors of 4327.
4327
List the prime factors of 2127.
3, 709
What are the prime factors of 709?
709
What are the prime factors of 5526?
2, 3, 307
List the prime factors of 124319.
13, 73, 131
What are the prime factors of 24063?
3, 13, 617
What are the prime factors of 155?
5, 31
List the prime factors of 118617.
3, 19, 2081
What are the prime factors of 835?
5, 167
What are the prime factors of 3731?
7, 13, 41
List the prime factors of 3869.
53, 73
List the prime factors of 135265.
5, 13, 2081
What are the prime factors of 21834?
2, 3, 1213
List the prime factors of 79303.
7, 11329
List the prime factors of 2265.
3, 5, 151
What are the prime factors of 592?
2, 37
List the prime factors of 90.
2, 3, 5
What are the prime factors of 5976?
2, 3, 83
List the prime factors of 616.
2, 7, 11
List the prime factors of 148.
2, 37
List the prime factors of 1748.
2, 19, 23
List the prime factors of 104561.
104561
What are the prime factors of 528?
2, 3, 11
List the prime factors of 1469.
13, 113
List the prime factors of 2176.
2, 17
List the prime factors of 352.
2, 11
What are the prime factors of 1489?
1489
What are the prime factors of 2235?
3, 5, 149
What are the prime factors of 310?
2, 5, 31
What are the prime factors of 26322?
2, 3, 41, 107
What are the prime factors of 5667?
3, 1889
List the prime factors of 1205.
5, 241
List the prime factors of 31080.
2, 3, 5, 7, 37
List the prime factors of 36312.
2, 3, 17, 89
What are the prime factors of 9131?
23, 397
What are the prime factors of 1404?
2, 3, 13
List the prime factors of 1288.
2, 7, 23
What are the prime factors of 637?
7, 13
What are the prime factors of 86162?
2, 67, 643
What are the prime factors of 119665?
5, 7, 13, 263
What are the prime factors of 3418?
2, 1709
What are the prime factors of 2572?
2, 643
List the prime factors of 6039.
3, 11, 61
What are the prime factors of 1025?
5, 41
What are the prime factors of 40223?
19, 29, 73
What are the prime factors of 10510?
2, 5, 1051
What are the prime factors of 18137?
7, 2591
List the prime factors of 2495.
5, 499
What are the prime factors of 3693?
3, 1231
What are the prime factors of 177348?
2, 3, 14779
What are the prime factors of 1124?
2, 281
What are the prime factors of 6431?
59, 109
What are the prime factors of 7654?
2, 43, 89
What are the prime factors of 429?
3, 11, 13
What are the prime factors of 10799?
10799
List the prime factors of 2356.
2, 19, 31
List the prime factors of 117523.
7, 103, 163
What are the prime factors of 24087?
3, 7, 31, 37
What are the prime factors of 5264?
2, 7, 47
What are the prime factors of 12271?
7, 1753
What are the prime factors of 3594?
2, 3, 599
What are the prime factors of 70?
2, 5, 7
What are the prime factors of 2003?
2003
What are the prime factors of 1874?
2, 937
What are the prime factors of 39619?
39619
What are the prime factors of 6885?
3, 5, 17
What are the prime factors of 116905?
5, 103, 227
What are the prime factors of 1261?
13, 97
What are the prime factors of 2799?
3, 311
What are the prime factors of 10299?
3, 3433
List the prime factors of 3910.
2, 5, 17, 23
What are the prime factors of 21682?
2, 37, 293
List the prime factors of 239.
239
List the prime factors of 2179.
2179
List the prime factors of 1206.
2, 3, 67
What are the prime factors of 12824?
2, 7, 229
List the prime factors of 37165.
5, 7433
What are the prime factors of 7279?
29, 251
What are the prime factors of 102009?
3, 37, 919
List the prime factors of 22986.
2, 3, 1277
List the prime factors of 1877.
1877
What are the prime factors of 4890?
2, 3, 5, 163
List the prime factors of 15362.
2, 7681
What are the prime factors of 2176?
2, 17
What are the prime factors of 36796?
2, 9199
What are the prime factors of 7857?
3, 97
What are the prime factors of 405?
3, 5
List the prime factors of 6960.
2, 3, 5, 29
What are the prime factors of 40137?
3, 17, 787
List the prime factors of 63550.
2, 5, 31, 41
What are the prime factors of 38417?
41, 937
What are the prime factors of 19105?
5, 3821
What are the prime factors of 89885?
5, 17977
List the prime factors of 594.
2, 3, 11
What are the prime factors of 242?
2, 11
List the prime factors of 4520.
2, 5, 113
List the prime factors of 76634.
2, 38317
What are the prime factors of 6750?
2, 3, 5
List the prime factors of 230.
2, 5, 23
List the prime factors of 27759.
3, 19, 487
What are the prime factors of 1377?
3, 17
List the prime factors of 10431.
3, 19, 61
List the prime factors of 5289.
3, 41, 43
What are the prime factors of 5932?
2, 1483
What are the prime factors of 4796?
2, 11, 109
List the prime factors of 10456.
2, 1307
What are the prime factors of 193?
193
What are the prime factors of 32065?
5, 11, 53
List the prime factors of 258.
2, 3, 43
List the prime factors of 53896.
2, 6737
What are the prime factors of 448?
2, 7
What are the prime factors of 3107?
13, 239
List the prime factors of 448.
2, 7
What are the prime factors of 42629?
47, 907
What are the prime factors of 12935?
5, 13, 199
List the prime factors of 848.
2, 53
List the prime factors of 4023.
3, 149
List the prime factors of 19884.
2, 3, 1657
What are the prime factors of 922?
2, 461
List the prime factors of 40261.
13, 19, 163
List the prime factors of 10043.
11, 83
List the prime factors of 569.
569
What are the prime factors of 124?
2,